{"id":1569,"date":"2016-07-05T08:55:30","date_gmt":"2016-07-05T07:55:30","guid":{"rendered":"http:\/\/velo-club-brignais.com\/v2\/?page_id=1569"},"modified":"2022-05-16T14:57:48","modified_gmt":"2022-05-16T13:57:48","slug":"2016-07-courses-des-copains","status":"publish","type":"page","link":"https:\/\/velo-club-brignais.com\/v2\/?page_id=1569","title":{"rendered":"2016-07 &#8211; Courses des Copains"},"content":{"rendered":"<h1 style=\"text-align: center;\"><span style=\"color: #0000ff;\"><strong>Course des Copains<br \/>\n<\/strong><\/span><\/h1>\n<p>&nbsp;<\/p>\n<p>Pr\u00e9sent: Louis, Jean Pierre ,Julio,Jean Mi<\/p>\n<p>Pas de choix fix\u00e9 a l&#8217;avance sur les 3 parcours 90 115 ou 155kms.<\/p>\n<p>Au bout de 28 kms de course il y avait une jonction pour se d\u00e9cider ,un peu court pour juger de ses capacit\u00e9s a terminer dans de bonne condition,mais<\/p>\n<p>Cela a plut\u00f4t encourager la facilit\u00e9 pour ceux qui n&#8217;avait pas choisi a l&#8217;avance.<\/p>\n<p>Plusieurs sas au d\u00e9part en fonction des n\u00b0 de dossard,a not\u00e9 une temp\u00e9rature automnale 8\u00b0! Heureusement beau soleil au cours de la matin\u00e9e.<\/p>\n<p>R\u00e9sultatdes courses JP toujours en grande forme3eme dans la cat\u00e9 59 au g\u00e9n\u00e9ral sur 424 class\u00e9e a 29 de moyenne ,sur le 115kms.<\/p>\n<p>Jean Mi sur le 92 kms 3eme de la cat\u00e9 27eme au g\u00e9n\u00e9ral sur 313.<\/p>\n<p>Julio a choisi le grand parcours il fait 5eme dans la cat\u00e9,habitu\u00e9 aux podiums ,mais l\u00e0 il avait oubli\u00e9 ses gels a la maison ,et il ne s&#8217;alimente qu&#8217;avec cela.<\/p>\n<p>Louis fait 6eme dans la cat\u00e9,sur le 115kms.<\/p>\n<p><span style=\"color: #ffffff;\">&#8230;<\/span><\/p>\n<p>&nbsp;<\/p>\n<p>Parcours Gravel: 75Km pour 1200m de d\u00e9nivel\u00e9<\/p>\n<div class=\"gmail_default\">En effet, Thierry Meynaud et Fred Chamerat ont particip\u00e9 \u00e0 cette nouveaut\u00e9 :&nbsp;le parcours GRAVEL des Copains sur le 75 Km et 1.200 de d\u00e9nivel\u00e9.<\/div>\n<div class=\"gmail_default\">Le d\u00e9part s&#8217;est fait tranquille dans la bonne humeur, avec&nbsp;toutes sortes de v\u00e9lo : des Cyclocross, des Gravels, des v\u00e9lo de ville, etc&#8230;<\/div>\n<div class=\"gmail_default\"><\/div>\n<div class=\"gmail_default\">Mais \u00e0 partir du cinqui\u00e8me kilom\u00e8tre, \u00e7a acc\u00e9l\u00e8re de plus en plus.<\/div>\n<div class=\"gmail_default\">Au point o\u00f9 ils se retrouvent rapidement entre 30 et 40 km\/h sur le morceau d&#8217;asphalte !!! Puis ils passent un pont, entrent dans un village, et l\u00e0 commence le chemin, tr\u00e8s roulant \u00e0 plus de 30 km\/h&#8230; Ca roule tellement vite que Fred tape une pierre et il perce.<\/div>\n<div class=\"gmail_default\"><\/div>\n<div class=\"gmail_default\">Vers le&nbsp;trenti\u00e8me kilom\u00e8tre, \u00e7a monte, avec de bons pourcentages 8% en moyenne avec des passages \u00e0 10, puis&nbsp;12 et jusqu&#8217;\u00e0 &#8230; 18%. Et oui le Garmin a affich\u00e9 par deux fois ce pourcentage de 18%.<\/div>\n<div class=\"gmail_default\"><\/div>\n<div class=\"gmail_default\">Arriv\u00e9 plus haut le parcours est plus vallonn\u00e9. Arr\u00eat au premier ravito, il y a des barres et des boisons \u00e9nerg\u00e9tiques (normal) mais aussi du saucissons, de la fourme, etc&#8230;<\/div>\n<div class=\"gmail_default\"><\/div>\n<div class=\"gmail_default\">Plus loin un second ravito avec le m\u00eame choix. Plus, il donnent des bidons &#8220;ProBikeShop&#8221; remplie d&#8217;eau pour ceux qui ne veulent pas s&#8217;arr\u00e9ter !!!<\/div>\n<div class=\"gmail_default\">A partir de ce moment, retour sur la route, avec les routiers. Et bien s\u00fbr, ils prennent les roues, malgr\u00e9&nbsp;un d\u00e9veloppement maxi&nbsp;ridicule, de 44&#215;12 pour Fred.<\/div>\n<div class=\"gmail_default\"><\/div>\n<div class=\"gmail_default\">Le dernier village est superbe, les maisons sont d\u00e9cor\u00e9es et les villageois sont d\u00e9guis\u00e9s. Il y a une folle ambiance !!! \u00c7a tape sur des bidons, \u00e7a chante, \u00e7a&nbsp; encourage&#8230; un super souvenir, ce village.<\/div>\n<div class=\"gmail_default\"><\/div>\n<div class=\"gmail_default\">L\u00e0, ils attaquent la descente finale, toujours au milieu des routiers. Et bient\u00f4t, le&nbsp;sprint final, que Fred met un point d&#8217;honneur \u00e0 gagner !<\/div>\n<div class=\"gmail_default\">Une magnifique journ\u00e9e sous le soleil, qui va se termin\u00e9 par un repas, agr\u00e9ment\u00e9 d&#8217;un vin blanc local.<\/div>\n<div class=\"gmail_default\"><\/div>\n<div class=\"gmail_default\">Fred: &#8220;C&#8217;\u00e9tait la troisi\u00e8me fois que je participais au Copains, et c&#8217;est toujours un super souvenir.&#8221;<\/div>\n","protected":false},"excerpt":{"rendered":"<p>Course des Copains &nbsp; Pr\u00e9sent: Louis, Jean Pierre ,Julio,Jean Mi Pas de choix fix\u00e9 a l&#8217;avance sur les 3 parcours 90 115 ou 155kms. Au bout de 28 kms de course il y avait une jonction pour se d\u00e9cider ,un&#8230; <a class=\"more-link\" href=\"https:\/\/velo-club-brignais.com\/v2\/?page_id=1569\">Continue Reading &rarr;<\/a><\/p>\n","protected":false},"author":1,"featured_media":0,"parent":4312,"menu_order":0,"comment_status":"closed","ping_status":"closed","template":"","meta":{"_seopress_robots_primary_cat":"","_seopress_titles_title":"","_seopress_titles_desc":"","_seopress_robots_index":"","_monsterinsights_skip_tracking":false,"_monsterinsights_sitenote_active":false,"_monsterinsights_sitenote_note":"","_monsterinsights_sitenote_category":0},"_links":{"self":[{"href":"https:\/\/velo-club-brignais.com\/v2\/index.php?rest_route=\/wp\/v2\/pages\/1569"}],"collection":[{"href":"https:\/\/velo-club-brignais.com\/v2\/index.php?rest_route=\/wp\/v2\/pages"}],"about":[{"href":"https:\/\/velo-club-brignais.com\/v2\/index.php?rest_route=\/wp\/v2\/types\/page"}],"author":[{"embeddable":true,"href":"https:\/\/velo-club-brignais.com\/v2\/index.php?rest_route=\/wp\/v2\/users\/1"}],"replies":[{"embeddable":true,"href":"https:\/\/velo-club-brignais.com\/v2\/index.php?rest_route=%2Fwp%2Fv2%2Fcomments&post=1569"}],"version-history":[{"count":4,"href":"https:\/\/velo-club-brignais.com\/v2\/index.php?rest_route=\/wp\/v2\/pages\/1569\/revisions"}],"predecessor-version":[{"id":4321,"href":"https:\/\/velo-club-brignais.com\/v2\/index.php?rest_route=\/wp\/v2\/pages\/1569\/revisions\/4321"}],"up":[{"embeddable":true,"href":"https:\/\/velo-club-brignais.com\/v2\/index.php?rest_route=\/wp\/v2\/pages\/4312"}],"wp:attachment":[{"href":"https:\/\/velo-club-brignais.com\/v2\/index.php?rest_route=%2Fwp%2Fv2%2Fmedia&parent=1569"}],"curies":[{"name":"wp","href":"https:\/\/api.w.org\/{rel}","templated":true}]}}