{"id":1737,"date":"2016-10-05T15:44:14","date_gmt":"2016-10-05T14:44:14","guid":{"rendered":"http:\/\/velo-club-brignais.com\/v2\/?page_id=1737"},"modified":"2022-05-16T14:26:21","modified_gmt":"2022-05-16T13:26:21","slug":"2016-09-clm-la-thou","status":"publish","type":"page","link":"https:\/\/velo-club-brignais.com\/v2\/?page_id=1737","title":{"rendered":"2016-09 &#8211; CLM La Thou"},"content":{"rendered":"<h1 style=\"text-align: center;\"><span style=\"color: #0000ff;\"><strong>Contre la Montre de La Thou<br \/>\n<\/strong><\/span><\/h1>\n<p>R\u00e9sum\u00e9 de Joel:<\/p>\n<p>Ce dimanche 2 octobre, sous un soleil voil\u00e9, s\u2019est d\u00e9roul\u00e9 le Contre La Montre (CLM) du \u00ab\u00a0Thou x 4 \u00ab\u00a0 Ambiance tr\u00e8s d\u00e9contract\u00e9e, mais s\u00e9rieuse avec des v\u00e9los\u00a0!!! de course.<\/p>\n<p>Le VCB alignait 3 \u00e9quipes (dans l\u2019ordre de d\u00e9part)<\/p>\n<ul>\n<li>Jean-Michel \/ Abel \/ Jean-Louis Coutarel \/Jo\u00ebl pour info et encouragements 1ere course de Jean-Louis bravo d\u00e9part 14\u00a0:51<\/li>\n<li>Marcel \/Jean-Pierre \/ Louis \/Pierre-Alain 14\u00a0:57<\/li>\n<li>Alain D.\/Fred C.\/Guy \/Etienne 15\u00a0:06 (Merci Guy qui remplace Roland) carton jaune pour Etienne (absent il pensait que l\u2019\u00e9quipe ne courait pas) il sera remplac\u00e9 par Amada coureur de vaulx en Velin<\/li>\n<\/ul>\n<p>Le parcours (lien ci-dessous) 19 ,2 km vallonn\u00e9 avec du vent, sera \u00e0 faire 2 fois soit 38,5 km<\/p>\n<p>RDV pr\u00e9vu pour 13h r\u00e9cup\u00e9ration des dossards, et \u00e9chauffement, nous avons une voiture suiveuse avec Bernard Pirat (fr\u00e8re) avec \u00e0 son bord nos supportrices Merci Bernard<\/p>\n<p><strong>D\u00e9part 14\u00a0:51<\/strong> Nous avons essay\u00e9 de mettre \u00ab\u00a0une strat\u00e9gie\u00a0\u00bb Jean-Mi, Jo\u00ebl, Abel, Jean-Louis roul\u00e9 le + r\u00e9guli\u00e8rement possible avec des relais courts, Objectif en moins de 60\u2019<\/p>\n<p>C\u2019est parti, passage du 1<sup>er<\/sup> rond-point \u00e7a part fort 42\/43 km\/h le parcours est vallonn\u00e9, les relais se passent bien, Jean-Mi emm\u00e8ne fort, nous suivons au bout de 10 km Jean-Louis ne suit plus, nous attendons c\u2019est reparti 5 km plus loin Jean-Louis n\u2019arrive pas \u00e0 suivre la cadence \u00ab\u00a0que fait \u2019on \u00ab\u00a0 d\u00e9cision de partir \u00e0 3 Jean-Louis finira la course tout seul en 1\u00a0:08 bravo J-L tu n\u2019as pas d\u00e9m\u00e9rit\u00e9 l\u2019exercice est tr\u00e8s sp\u00e9cial, certain que \u00e7a iras mieux la prochaine fois. A 3 \u00e7a change la donne les relais sont + longs Jean-Mi donne la cadence (sacr\u00e9e mobylette) au passage du 1<sup>er<\/sup> tour dans le rond-point une voiture nous g\u00eane Jean-Mi et Abel se trompent de sortie demi-tour perte de temps et agacement dommage notre 1<sup>er<\/sup> tour en moins de 30\u2019 \u00ab\u00a0allez il faut continuer\u00a0\u00bb 2eme tour \u00e0 un moment la voiture suiveuse klaxonne, on n\u2019a perdu Abel ns n\u2019avons pas entendu avec le vent, nous reprenons la cadence \u00ab\u00a0que c\u2019est dur\u00a0\u00bb ne rien l\u00e2cher Jean-Mi prends des relais + longs pour nous soulager nous passons la ligne le temps est pris sur le 3\u00e9me \u00e0 la montre 1\u00a0:01\u00a0\ud83d\ude15<\/p>\n<p><strong>Equipe 2\u00a0: 14\u00a0:57<\/strong> Une belle \u00e9quipe avec l\u00e0 des sp\u00e9cialistes tous les 4 avec un v\u00e9lo de CLM (une premi\u00e8re pour Marcel) qui a emprunt\u00e9 le v\u00e9lo de Florian.<\/p>\n<p>Gros d\u00e9part, les relais se passent bien ils sont d\u00e9j\u00e0 dans une grosse cadence, jusqu\u2019au moment o\u00f9 P-Alain touche la roue arri\u00e8re de J-Pierre sanction imm\u00e9diat chute, vraiment pas de bol, ils feront la course \u00e0 3 et passe la ligne en 58\u2019 ce sera le meilleur temps de la cat\u00e9. P-Alain s\u2019est bien arrang\u00e9 touch\u00e9 \u00e0 l\u2019\u00e9paule et la jambe, il est choqu\u00e9, et tr\u00e8s d\u00e9\u00e7u l\u2019Ami P-A, nous le r\u00e9confortons, allez c\u2019est le m\u00e9tier qui rentre.<\/p>\n<p><strong>Equipe 3\u00a0: 15\u00a0:06<\/strong>\u00a0 Fred, Alain, Guy, et Amada (tr\u00e8s bon coureur) ce sera la seul \u00e9quipe \u00e0 finir \u00e0 4 ils boucleront en 1\u00a0:00\u2019\u201930<\/p>\n<p>Remise des troph\u00e9es pour info <strong>50% des du b\u00e9n\u00e9fice financier de cette manifestation sera revers\u00e9 \u00e0 l\u2019association \u00ab\u00a0D\u00e9cha\u00eene ton c\u0153ur\u00a0\u00bb pour l\u2019aide \u00e0 la recherche contre le cancer.<\/strong><\/p>\n<p>Sur le podium l\u2019\u00e9quipe Marcel J-P Louis P-A 1<sup>er<\/sup> dans la cat\u00e9 = 1 coupe et 1 filet garni 2eme Max Barel 3\u00e9me l\u2019\u00e9quipe Jean-Mi \/Abel \/Jean-Louis \/Jo\u00ebl = 1 coupe (pour le club)animer par nos supportrices et supporteurs.<\/p>\n<p>La journ\u00e9e se finira, autour d\u2019une pizza dans une bonne ambiance.<\/p>\n<style id=\"bwg-style-0\">    #bwg_container1_0 #bwg_container2_0 .bwg-container-0.bwg-standard-thumbnails {      width: 904px;              justify-content: center;        margin:0 auto !important;              background-color: rgba(255, 255, 255, 0.00);            padding-left: 4px;      padding-top: 4px;      max-width: 100%;            }        #bwg_container1_0 #bwg_container2_0 .bwg-container-0.bwg-standard-thumbnails .bwg-item {    justify-content: flex-start;      max-width: 180px;            width: 180px !important;          }    #bwg_container1_0 #bwg_container2_0 .bwg-container-0.bwg-standard-thumbnails .bwg-item a {       margin-right: 4px;       margin-bottom: 4px;    }    #bwg_container1_0 #bwg_container2_0 .bwg-container-0.bwg-standard-thumbnails .bwg-item0 {      padding: 0px;            background-color:rgba(255,255,255, 0.30);      border: 0px none #CCCCCC;      opacity: 1.00;      border-radius: 0;      box-shadow: 0px 0px 0px #888888;    }    #bwg_container1_0 #bwg_container2_0 .bwg-container-0.bwg-standard-thumbnails .bwg-item1 img {      max-height: none;      max-width: none;      padding: 0 !important;    }        @media only screen and (min-width: 480px) {      #bwg_container1_0 #bwg_container2_0 .bwg-container-0.bwg-standard-thumbnails .bwg-item0 {        transition: all 0.3s ease 0s;-webkit-transition: all 0.3s ease 0s;      }      #bwg_container1_0 #bwg_container2_0 .bwg-container-0.bwg-standard-thumbnails .bwg-item0:hover {        -ms-transform: scale(1.1);        -webkit-transform: scale(1.1);        transform: scale(1.1);      }    }          #bwg_container1_0 #bwg_container2_0 .bwg-container-0.bwg-standard-thumbnails .bwg-item1 {      padding-top: 50%;    }        #bwg_container1_0 #bwg_container2_0 .bwg-container-0.bwg-standard-thumbnails .bwg-title2,    #bwg_container1_0 #bwg_container2_0 .bwg-container-0.bwg-standard-thumbnails .bwg-ecommerce2 {      color: #CCCCCC;      font-family: segoe ui;      font-size: 16px;      font-weight: bold;      padding: 2px;      text-shadow: 0px 0px 0px #888888;      max-height: 100%;    }    #bwg_container1_0 #bwg_container2_0 .bwg-container-0.bwg-standard-thumbnails .bwg-thumb-description span {    color: #323A45;    font-family: Ubuntu;    font-size: 12px;    max-height: 100%;    word-wrap: break-word;    }    #bwg_container1_0 #bwg_container2_0 .bwg-container-0.bwg-standard-thumbnails .bwg-play-icon2 {      font-size: 32px;    }    #bwg_container1_0 #bwg_container2_0 .bwg-container-0.bwg-standard-thumbnails .bwg-ecommerce2 {      font-size: 19.2px;      color: #CCCCCC;    }    <\/style>    <div id=\"bwg_container1_0\"         class=\"bwg_container bwg_thumbnail bwg_thumbnails \"         data-right-click-protection=\"0\"         data-bwg=\"0\"         data-scroll=\"0\"         data-gallery-type=\"thumbnails\"         data-gallery-view-type=\"thumbnails\"         data-current-url=\"\/v2\/index.php?rest_route=%2Fwp%2Fv2%2Fpages%2F1737\"         data-lightbox-url=\"https:\/\/velo-club-brignais.com\/v2\/wp-admin\/admin-ajax.php?action=GalleryBox&#038;current_view=0&#038;gallery_id=66&#038;tag=0&#038;theme_id=1&#038;shortcode_id=59&#038;sort_by=order&#038;order_by=asc&#038;current_url=%2Fv2%2Findex.php%3Frest_route%3D%252Fwp%252Fv2%252Fpages%252F1737\"         data-gallery-id=\"66\"         data-popup-width=\"800\"         data-popup-height=\"500\"         data-is-album=\"gallery\"         data-buttons-position=\"bottom\">      <div id=\"bwg_container2_0\">             <div id=\"ajax_loading_0\" class=\"bwg_loading_div_1\">      <div class=\"bwg_loading_div_2\">        <div class=\"bwg_loading_div_3\">          <div id=\"loading_div_0\" class=\"bwg_spider_ajax_loading\">          <\/div>        <\/div>      <\/div>    <\/div>            <form id=\"gal_front_form_0\"              class=\"bwg-hidden\"              method=\"post\"              action=\"#\"              data-current=\"0\"              data-shortcode-id=\"59\"              data-gallery-type=\"thumbnails\"              data-gallery-id=\"66\"              data-tag=\"0\"              data-album-id=\"0\"              data-theme-id=\"1\"              data-ajax-url=\"https:\/\/velo-club-brignais.com\/v2\/wp-admin\/admin-ajax.php?action=bwg_frontend_data\">          <div id=\"bwg_container3_0\" class=\"bwg-background bwg-background-0\">                <div data-max-count=\"5\"         data-thumbnail-width=\"180\"         data-bwg=\"0\"         data-gallery-id=\"66\"         data-lightbox-url=\"https:\/\/velo-club-brignais.com\/v2\/wp-admin\/admin-ajax.php?action=GalleryBox&amp;current_view=0&amp;gallery_id=66&amp;tag=0&amp;theme_id=1&amp;shortcode_id=59&amp;sort_by=order&amp;order_by=asc&amp;current_url=%2Fv2%2Findex.php%3Frest_route%3D%252Fwp%252Fv2%252Fpages%252F1737\"         id=\"bwg_thumbnails_0\"         class=\"bwg-container-0 bwg-thumbnails bwg-standard-thumbnails bwg-container bwg-border-box\">            <div class=\"bwg-item\">        <a class=\"bwg-a \"  data-elementor-open-lightbox=\"no\">                <div class=\"bwg-item0 \">          <div class=\"bwg-item1 \">            <div class=\"bwg-item2\">              <img class=\"skip-lazy bwg_standart_thumb_img_0 \"                   data-id=\"4395\"                   data-width=\"\"                   data-height=\"\"                   data-src=\"https:\/\/velo-club-brignais.com\/v2\/wp-content\/uploads\/photo-gallery\/2016\/2016-10-CLM_La_Thou\/thumb\/podium%20THOU%202.jpeg\"                   src=\"https:\/\/velo-club-brignais.com\/v2\/wp-content\/uploads\/photo-gallery\/2016\/2016-10-CLM_La_Thou\/thumb\/podium%20THOU%202.jpeg\"                   alt=\"podium THOU 2 \"                   title=\"podium THOU 2 \" \/>            <\/div>            <div class=\"\">                                                      <\/div>          <\/div>        <\/div>                        <\/a>              <\/div>            <div class=\"bwg-item\">        <a class=\"bwg-a \"  data-elementor-open-lightbox=\"no\">                <div class=\"bwg-item0 \">          <div class=\"bwg-item1 \">            <div class=\"bwg-item2\">              <img class=\"skip-lazy bwg_standart_thumb_img_0 \"                   data-id=\"4394\"                   data-width=\"\"                   data-height=\"\"                   data-src=\"https:\/\/velo-club-brignais.com\/v2\/wp-content\/uploads\/photo-gallery\/2016\/2016-10-CLM_La_Thou\/thumb\/podium%20THOU.jpeg\"                   src=\"https:\/\/velo-club-brignais.com\/v2\/wp-content\/uploads\/photo-gallery\/2016\/2016-10-CLM_La_Thou\/thumb\/podium%20THOU.jpeg\"                   alt=\"podium THOU \"                   title=\"podium THOU \" \/>            <\/div>            <div class=\"\">                                                      <\/div>          <\/div>        <\/div>                        <\/a>              <\/div>          <\/div>    <style>      \/*pagination styles*\/      #bwg_container1_0 #bwg_container2_0 .tablenav-pages_0 {\t\t\t\ttext-align: center;\t\t\t\tfont-size: 12px;\t\t\t\tfont-family: segoe ui;\t\t\t\tfont-weight: bold;\t\t\t\tcolor: #666666;\t\t\t\tmargin: 6px 0 4px;\t\t\t\tdisplay: block;      }      @media only screen and (max-width : 320px) {      #bwg_container1_0 #bwg_container2_0 .displaying-num_0 {     \t display: none;      }      }      #bwg_container1_0 #bwg_container2_0 .displaying-num_0 {\t\t\t\tfont-size: 12px;\t\t\t\tfont-family: segoe ui;\t\t\t\tfont-weight: bold;\t\t\t\tcolor: #666666;\t\t\t\tmargin-right: 10px;\t\t\t\tvertical-align: middle;      }      #bwg_container1_0 #bwg_container2_0 .paging-input_0 {\t\t\t\tfont-size: 12px;\t\t\t\tfont-family: segoe ui;\t\t\t\tfont-weight: bold;\t\t\t\tcolor: #666666;\t\t\t\tvertical-align: middle;      }      #bwg_container1_0 #bwg_container2_0 .tablenav-pages_0 a.disabled,      #bwg_container1_0 #bwg_container2_0 .tablenav-pages_0 a.disabled:hover,      #bwg_container1_0 #bwg_container2_0 .tablenav-pages_0 a.disabled:focus,\t\t\t#bwg_container1_0 #bwg_container2_0 .tablenav-pages_0 input.bwg_current_page {\t\t\t\tcursor: default;\t\t\t\tcolor: rgba(102, 102, 102, 0.5);      }      #bwg_container1_0 #bwg_container2_0 .tablenav-pages_0 a,      #bwg_container1_0 #bwg_container2_0 .tablenav-pages_0 input.bwg_current_page {\t\t\t\tcursor: pointer;\t\t\t\ttext-align: center;\t\t\t\tfont-size: 12px;\t\t\t\tfont-family: segoe ui;\t\t\t\tfont-weight: bold;\t\t\t\tcolor: #666666;\t\t\t\ttext-decoration: none;\t\t\t\tpadding: 3px 6px;\t\t\t\tmargin: 0;\t\t\t\tborder-radius: 0;\t\t\t\tborder-style: solid;\t\t\t\tborder-width: 1px;\t\t\t\tborder-color: #E3E3E3;\t\t\t\t\t\t\t\tbackground-color: rgba(255, 255, 255, 1.00);\t\t\t\tbox-shadow: 0;\t\t\t\ttransition: all 0.3s ease 0s;-webkit-transition: all 0.3s ease 0s;      }      <\/style>      <span class=\"bwg_nav_cont_0\">              <div class=\"tablenav-pages_0\">                  <\/div>                <input type=\"hidden\" id=\"page_number_0\" name=\"page_number_0\" value=\"1\" \/>      <script type=\"text\/javascript\">        if( jQuery('.bwg_nav_cont_0').length > 1 ) {          jQuery('.bwg_nav_cont_0').first().remove()        }        function spider_page_0(cur, x, y, load_more) {          if (typeof load_more == \"undefined\") {            var load_more = false;          }          if (jQuery(cur).hasClass('disabled')) {            return false;          }          var items_county_0 = 1;          switch (y) {            case 1:              if (x >= items_county_0) {                document.getElementById('page_number_0').value = items_county_0;              }              else {                document.getElementById('page_number_0').value = x + 1;              }              break;            case 2:              document.getElementById('page_number_0').value = items_county_0;              break;            case -1:              if (x == 1) {                document.getElementById('page_number_0').value = 1;              }              else {                document.getElementById('page_number_0').value = x - 1;              }              break;            case -2:              document.getElementById('page_number_0').value = 1;              break;\t\t\t\t\t\tcase 0:              document.getElementById('page_number_0').value = x;              break;            default:              document.getElementById('page_number_0').value = 1;          }          bwg_ajax('gal_front_form_0', '0', 'bwg_thumbnails_0', '0', '', 'gallery', 0, '', '', load_more, '', 1);        }                    jQuery('.first-page-0').on('click', function () {              spider_page_0(this, 1, -2, 'numeric');              return false;            });            jQuery('.prev-page-0').on('click', function () {              spider_page_0(this, 1, -1, 'numeric');              return false;            });            jQuery('.next-page-0').on('click', function () {              spider_page_0(this, 1, 1, 'numeric');              return false;            });            jQuery('.last-page-0').on('click', function () {              spider_page_0(this, 1, 2, 'numeric');              return false;            });        \t\t\t\t\/* Change page on input enter. *\/        function bwg_change_page_0( e, that ) {          if (  e.key == 'Enter' ) {            var to_page = parseInt(jQuery(that).val());            var pages_count = jQuery(that).parents(\".pagination-links\").data(\"pages-count\");            var current_url_param = jQuery(that).attr('data-url-info');            if (to_page > pages_count) {              to_page = 1;            }\t \t\t\t\t\t\t\t\t\t\t\t\tspider_page_0(this, to_page, 0, 'numeric');\t\t\t\t\t\t\treturn false;\t\t\t\t\t\t          }          return true;        }        jQuery('.bwg_load_btn_0').on('click', function () {            spider_page_0(this, 1, 1, true);            return false;        });      <\/script>      <\/span>                <\/div>        <\/form>              <\/div>    <\/div>    <script>      if (document.readyState === 'complete') {        if( typeof bwg_main_ready == 'function' ) {          if ( jQuery(\"#bwg_container1_0\").height() ) {            bwg_main_ready(jQuery(\"#bwg_container1_0\"));          }        }      } else {        document.addEventListener('DOMContentLoaded', function() {          if( typeof bwg_main_ready == 'function' ) {            if ( jQuery(\"#bwg_container1_0\").height() ) {             bwg_main_ready(jQuery(\"#bwg_container1_0\"));            }          }        });      }    <\/script>    \n","protected":false},"excerpt":{"rendered":"<p>Contre la Montre de La Thou R\u00e9sum\u00e9 de Joel: Ce dimanche 2 octobre, sous un soleil voil\u00e9, s\u2019est d\u00e9roul\u00e9 le Contre La Montre (CLM) du \u00ab\u00a0Thou x 4 \u00ab\u00a0 Ambiance tr\u00e8s d\u00e9contract\u00e9e, mais s\u00e9rieuse avec des v\u00e9los\u00a0!!! de course. Le&#8230; <a class=\"more-link\" href=\"https:\/\/velo-club-brignais.com\/v2\/?page_id=1737\">Continue Reading &rarr;<\/a><\/p>\n","protected":false},"author":1,"featured_media":0,"parent":1485,"menu_order":0,"comment_status":"closed","ping_status":"closed","template":"","meta":{"_seopress_robots_primary_cat":"","_seopress_titles_title":"","_seopress_titles_desc":"","_seopress_robots_index":"","_monsterinsights_skip_tracking":false,"_monsterinsights_sitenote_active":false,"_monsterinsights_sitenote_note":"","_monsterinsights_sitenote_category":0},"_links":{"self":[{"href":"https:\/\/velo-club-brignais.com\/v2\/index.php?rest_route=\/wp\/v2\/pages\/1737"}],"collection":[{"href":"https:\/\/velo-club-brignais.com\/v2\/index.php?rest_route=\/wp\/v2\/pages"}],"about":[{"href":"https:\/\/velo-club-brignais.com\/v2\/index.php?rest_route=\/wp\/v2\/types\/page"}],"author":[{"embeddable":true,"href":"https:\/\/velo-club-brignais.com\/v2\/index.php?rest_route=\/wp\/v2\/users\/1"}],"replies":[{"embeddable":true,"href":"https:\/\/velo-club-brignais.com\/v2\/index.php?rest_route=%2Fwp%2Fv2%2Fcomments&post=1737"}],"version-history":[{"count":1,"href":"https:\/\/velo-club-brignais.com\/v2\/index.php?rest_route=\/wp\/v2\/pages\/1737\/revisions"}],"predecessor-version":[{"id":1738,"href":"https:\/\/velo-club-brignais.com\/v2\/index.php?rest_route=\/wp\/v2\/pages\/1737\/revisions\/1738"}],"up":[{"embeddable":true,"href":"https:\/\/velo-club-brignais.com\/v2\/index.php?rest_route=\/wp\/v2\/pages\/1485"}],"wp:attachment":[{"href":"https:\/\/velo-club-brignais.com\/v2\/index.php?rest_route=%2Fwp%2Fv2%2Fmedia&parent=1737"}],"curies":[{"name":"wp","href":"https:\/\/api.w.org\/{rel}","templated":true}]}}