{"id":4845,"date":"2024-03-27T16:26:41","date_gmt":"2024-03-27T15:26:41","guid":{"rendered":"http:\/\/velo-club-brignais.com\/v2\/?page_id=4845"},"modified":"2025-03-31T15:49:27","modified_gmt":"2025-03-31T14:49:27","slug":"tdjv-dirigny-vtt","status":"publish","type":"page","link":"https:\/\/velo-club-brignais.com\/v2\/?page_id=4845","title":{"rendered":"TDJV d&#8217;Irigny VTT &#8211; 17 mars 2024"},"content":{"rendered":"\n<p>Dimanche 17 mars avait lieu le TDJV d&#8217;Irigny VTT.<\/p>\n\n\n\n<p>Le VCB est revenu avec 5 m\u00e9dailles &#x1f4aa;<\/p>\n\n\n\n<figure class=\"wp-block-gallery has-nested-images columns-default is-cropped\">\n<figure class=\"wp-block-image size-large\"><img loading=\"lazy\" width=\"902\" height=\"1600\" data-id=\"4853\"  src=\"http:\/\/velo-club-brignais.com\/v2\/wp-content\/uploads\/2024\/03\/TDJV-IRIGNY-VTT-2024-DEPART.jpg\" alt=\"TDJV IRIGNY VTT 2024 DEPART\" class=\"wp-image-4853\" srcset=\"https:\/\/velo-club-brignais.com\/v2\/wp-content\/uploads\/2024\/03\/TDJV-IRIGNY-VTT-2024-DEPART.jpg 902w, https:\/\/velo-club-brignais.com\/v2\/wp-content\/uploads\/2024\/03\/TDJV-IRIGNY-VTT-2024-DEPART-169x300.jpg 169w, https:\/\/velo-club-brignais.com\/v2\/wp-content\/uploads\/2024\/03\/TDJV-IRIGNY-VTT-2024-DEPART-577x1024.jpg 577w, https:\/\/velo-club-brignais.com\/v2\/wp-content\/uploads\/2024\/03\/TDJV-IRIGNY-VTT-2024-DEPART-85x150.jpg 85w, https:\/\/velo-club-brignais.com\/v2\/wp-content\/uploads\/2024\/03\/TDJV-IRIGNY-VTT-2024-DEPART-768x1362.jpg 768w, https:\/\/velo-club-brignais.com\/v2\/wp-content\/uploads\/2024\/03\/TDJV-IRIGNY-VTT-2024-DEPART-866x1536.jpg 866w, https:\/\/velo-club-brignais.com\/v2\/wp-content\/uploads\/2024\/03\/TDJV-IRIGNY-VTT-2024-DEPART-600x1064.jpg 600w\" sizes=\"(max-width: 902px) 100vw, 902px\" \/><figcaption>TDJV IRIGNY VTT 2024 DEPART<\/figcaption><\/figure>\n\n\n\n<figure class=\"wp-block-image size-large\"><img loading=\"lazy\" width=\"2040\" height=\"1530\" data-id=\"4854\"  src=\"http:\/\/velo-club-brignais.com\/v2\/wp-content\/uploads\/2024\/03\/TDJV-IRIGNY-VTT-2024-MEDAILLES.jpg\" alt=\"TDJV IRIGNY VTT 2024 MEDAILLES\" class=\"wp-image-4854\" srcset=\"https:\/\/velo-club-brignais.com\/v2\/wp-content\/uploads\/2024\/03\/TDJV-IRIGNY-VTT-2024-MEDAILLES.jpg 2040w, https:\/\/velo-club-brignais.com\/v2\/wp-content\/uploads\/2024\/03\/TDJV-IRIGNY-VTT-2024-MEDAILLES-300x225.jpg 300w, https:\/\/velo-club-brignais.com\/v2\/wp-content\/uploads\/2024\/03\/TDJV-IRIGNY-VTT-2024-MEDAILLES-1024x768.jpg 1024w, https:\/\/velo-club-brignais.com\/v2\/wp-content\/uploads\/2024\/03\/TDJV-IRIGNY-VTT-2024-MEDAILLES-150x113.jpg 150w, https:\/\/velo-club-brignais.com\/v2\/wp-content\/uploads\/2024\/03\/TDJV-IRIGNY-VTT-2024-MEDAILLES-768x576.jpg 768w, https:\/\/velo-club-brignais.com\/v2\/wp-content\/uploads\/2024\/03\/TDJV-IRIGNY-VTT-2024-MEDAILLES-1536x1152.jpg 1536w, https:\/\/velo-club-brignais.com\/v2\/wp-content\/uploads\/2024\/03\/TDJV-IRIGNY-VTT-2024-MEDAILLES-945x709.jpg 945w, https:\/\/velo-club-brignais.com\/v2\/wp-content\/uploads\/2024\/03\/TDJV-IRIGNY-VTT-2024-MEDAILLES-600x450.jpg 600w\" sizes=\"(max-width: 2040px) 100vw, 2040px\" \/><figcaption>TDJV IRIGNY VTT 2024 LES MEDAILLES<\/figcaption><\/figure>\n<\/figure>\n\n\n\n<p>29 jeunes de 7 \u00e0 16 ans (et 3 arbitres !!) ont repr\u00e9sent\u00e9 l&#8217;\u00e9cole de VTT du VCB lors du 1er TDJV de la saison qui voyait se mesurer 130 participants. Une premi\u00e8re pour certains.<\/p>\n\n\n\n<p>Ce taux de participation fait du VCB le club le plus repr\u00e9sent\u00e9 de TDJV.<\/p>\n\n\n\n<p>Au programme de l&#8217;\u00e9v\u00e8nement, des \u00e9preuves de trial et de DH.<\/p>\n\n\n\n<p>Le bilan est bon !<\/p>\n\n\n\n<p>Nos jeunes ont montr\u00e9 de belles choses notamment en DH. La marge de progression reste plus \u00e9lev\u00e9e en trial !<\/p>\n\n\n\n<p>A souligner, l&#8217;engagement des parents venus en nombre encourager et soutenir les enfants.<\/p>\n\n\n\n<p>Prochaines \u00e9tapes :<\/p>\n\n\n\n<ul><li>TDJV de Pommiers ce dimanche 24 mars,<\/li><li>TDJV d&#8217;Amb\u00e9rieu en Bugey le 07 avril,<\/li><li>TDJV de Saint Laurent de M\u00fbre le 05 mai.<\/li><\/ul>\n\n\n\n<p>Enfin nous conclurons la saison le 02 juin dans le bois de Sacuny pour le TDJV de Brignais.<\/p>\n","protected":false},"excerpt":{"rendered":"<p>Dimanche 17 mars avait lieu le TDJV d&#8217;Irigny VTT. Le VCB est revenu avec 5 m\u00e9dailles &#x1f4aa; 29 jeunes de 7 \u00e0 16 ans (et 3 arbitres !!) ont repr\u00e9sent\u00e9 l&#8217;\u00e9cole de VTT du VCB lors du 1er TDJV de&#8230; <a class=\"more-link\" href=\"https:\/\/velo-club-brignais.com\/v2\/?page_id=4845\">Continue Reading &rarr;<\/a><\/p>\n","protected":false},"author":1,"featured_media":4854,"parent":724,"menu_order":2,"comment_status":"closed","ping_status":"closed","template":"","meta":{"_seopress_robots_primary_cat":"","_seopress_titles_title":"TDJV d'Irigny VTT 17 mars 2024 - retour sur le 1er TDJV de la saison","_seopress_titles_desc":"Dimanche 17 mars avait lieu le TDJV d'Irigny VTT. Le VCB est revenu avec 5 m\u00e9dailles","_seopress_robots_index":"","_monsterinsights_skip_tracking":false,"_monsterinsights_sitenote_active":false,"_monsterinsights_sitenote_note":"","_monsterinsights_sitenote_category":0},"_links":{"self":[{"href":"https:\/\/velo-club-brignais.com\/v2\/index.php?rest_route=\/wp\/v2\/pages\/4845"}],"collection":[{"href":"https:\/\/velo-club-brignais.com\/v2\/index.php?rest_route=\/wp\/v2\/pages"}],"about":[{"href":"https:\/\/velo-club-brignais.com\/v2\/index.php?rest_route=\/wp\/v2\/types\/page"}],"author":[{"embeddable":true,"href":"https:\/\/velo-club-brignais.com\/v2\/index.php?rest_route=\/wp\/v2\/users\/1"}],"replies":[{"embeddable":true,"href":"https:\/\/velo-club-brignais.com\/v2\/index.php?rest_route=%2Fwp%2Fv2%2Fcomments&post=4845"}],"version-history":[{"count":4,"href":"https:\/\/velo-club-brignais.com\/v2\/index.php?rest_route=\/wp\/v2\/pages\/4845\/revisions"}],"predecessor-version":[{"id":4855,"href":"https:\/\/velo-club-brignais.com\/v2\/index.php?rest_route=\/wp\/v2\/pages\/4845\/revisions\/4855"}],"up":[{"embeddable":true,"href":"https:\/\/velo-club-brignais.com\/v2\/index.php?rest_route=\/wp\/v2\/pages\/724"}],"wp:featuredmedia":[{"embeddable":true,"href":"https:\/\/velo-club-brignais.com\/v2\/index.php?rest_route=\/wp\/v2\/media\/4854"}],"wp:attachment":[{"href":"https:\/\/velo-club-brignais.com\/v2\/index.php?rest_route=%2Fwp%2Fv2%2Fmedia&parent=4845"}],"curies":[{"name":"wp","href":"https:\/\/api.w.org\/{rel}","templated":true}]}}