{"id":661,"date":"2015-03-09T22:33:13","date_gmt":"2015-03-09T21:33:13","guid":{"rendered":"http:\/\/www.velo-club-brignais.com\/v2\/?page_id=661"},"modified":"2025-03-31T15:58:58","modified_gmt":"2025-03-31T14:58:58","slug":"reglement","status":"publish","type":"page","link":"https:\/\/velo-club-brignais.com\/v2\/?page_id=661","title":{"rendered":"R\u00e8glement int\u00e9rieur 2024-2025"},"content":{"rendered":"\n<p class=\"has-text-align-center\">Consultez le r\u00e8glement int\u00e9rieur de l&#8217;Ecole de VTT du VCB, saison 2024-2025.<\/p>\n\n\n\n<div class=\"wp-block-file\"><a id=\"wp-block-file--media-0b4d17bf-89ee-4bfa-b926-e30d3f45d4ce\" href=\"https:\/\/velo-club-brignais.com\/v2\/wp-content\/uploads\/2025\/03\/Reglement-interieur-ecole-de-VTT-2024-2025.docx\">Reglement-interieur-ecole-de-VTT-2024-2025<\/a><a href=\"https:\/\/velo-club-brignais.com\/v2\/wp-content\/uploads\/2025\/03\/Reglement-interieur-ecole-de-VTT-2024-2025.docx\" class=\"wp-block-file__button\" download aria-describedby=\"wp-block-file--media-0b4d17bf-89ee-4bfa-b926-e30d3f45d4ce\">T\u00e9l\u00e9charger<\/a><\/div>\n\n\n\n<p><\/p>\n","protected":false},"excerpt":{"rendered":"<p>Consultez le r\u00e8glement int\u00e9rieur de l&#8217;Ecole de VTT du VCB, saison 2024-2025.<\/p>\n","protected":false},"author":1,"featured_media":0,"parent":655,"menu_order":5,"comment_status":"closed","ping_status":"closed","template":"","meta":{"_seopress_robots_primary_cat":"","_seopress_titles_title":"R\u00e8glement int\u00e9rieur de l'Ecole de VTT du VCB - saison 2023-2024","_seopress_titles_desc":"Consultez ou t\u00e9l\u00e9chargez le r\u00e8glement int\u00e9rieur de l'Ecole de VTT du VCB - 2023-2024","_seopress_robots_index":"","_monsterinsights_skip_tracking":false,"_monsterinsights_sitenote_active":false,"_monsterinsights_sitenote_note":"","_monsterinsights_sitenote_category":0},"_links":{"self":[{"href":"https:\/\/velo-club-brignais.com\/v2\/index.php?rest_route=\/wp\/v2\/pages\/661"}],"collection":[{"href":"https:\/\/velo-club-brignais.com\/v2\/index.php?rest_route=\/wp\/v2\/pages"}],"about":[{"href":"https:\/\/velo-club-brignais.com\/v2\/index.php?rest_route=\/wp\/v2\/types\/page"}],"author":[{"embeddable":true,"href":"https:\/\/velo-club-brignais.com\/v2\/index.php?rest_route=\/wp\/v2\/users\/1"}],"replies":[{"embeddable":true,"href":"https:\/\/velo-club-brignais.com\/v2\/index.php?rest_route=%2Fwp%2Fv2%2Fcomments&post=661"}],"version-history":[{"count":23,"href":"https:\/\/velo-club-brignais.com\/v2\/index.php?rest_route=\/wp\/v2\/pages\/661\/revisions"}],"predecessor-version":[{"id":5490,"href":"https:\/\/velo-club-brignais.com\/v2\/index.php?rest_route=\/wp\/v2\/pages\/661\/revisions\/5490"}],"up":[{"embeddable":true,"href":"https:\/\/velo-club-brignais.com\/v2\/index.php?rest_route=\/wp\/v2\/pages\/655"}],"wp:attachment":[{"href":"https:\/\/velo-club-brignais.com\/v2\/index.php?rest_route=%2Fwp%2Fv2%2Fmedia&parent=661"}],"curies":[{"name":"wp","href":"https:\/\/api.w.org\/{rel}","templated":true}]}}