{"id":724,"date":"2015-04-25T17:00:13","date_gmt":"2015-04-25T16:00:13","guid":{"rendered":"http:\/\/www.velo-club-brignais.com\/v2\/?page_id=724"},"modified":"2025-03-31T15:14:07","modified_gmt":"2025-03-31T14:14:07","slug":"tdjv","status":"publish","type":"page","link":"https:\/\/velo-club-brignais.com\/v2\/?page_id=724","title":{"rendered":"TDJV"},"content":{"rendered":"\n<h1>CALENDRIER ET RESULTATS<\/h1>\n\n\n\n<h2>Classement g\u00e9n\u00e9ral 2024-2025 :<\/h2>\n\n\n\n<p>Tous les r\u00e9sultats des \u00e9preuves et les classements g\u00e9n\u00e9raux sont disponibles<strong> <a rel=\"noreferrer noopener\" href=\"https:\/\/www.tdjvrhone.com\/resultats.php\" target=\"_blank\"><span style=\"text-decoration: underline;\">ici<\/span><\/a><\/strong>.<\/p>\n\n\n\n<figure class=\"wp-block-image size-large\"><img loading=\"lazy\" width=\"1024\" height=\"768\" src=\"https:\/\/velo-club-brignais.com\/v2\/wp-content\/uploads\/2025\/03\/PODUIM-U13-H-POMMIERS-2025-1024x768.jpg\" alt=\"\" class=\"wp-image-5462\" srcset=\"https:\/\/velo-club-brignais.com\/v2\/wp-content\/uploads\/2025\/03\/PODUIM-U13-H-POMMIERS-2025-1024x768.jpg 1024w, https:\/\/velo-club-brignais.com\/v2\/wp-content\/uploads\/2025\/03\/PODUIM-U13-H-POMMIERS-2025-300x225.jpg 300w, https:\/\/velo-club-brignais.com\/v2\/wp-content\/uploads\/2025\/03\/PODUIM-U13-H-POMMIERS-2025-150x113.jpg 150w, https:\/\/velo-club-brignais.com\/v2\/wp-content\/uploads\/2025\/03\/PODUIM-U13-H-POMMIERS-2025-768x576.jpg 768w, https:\/\/velo-club-brignais.com\/v2\/wp-content\/uploads\/2025\/03\/PODUIM-U13-H-POMMIERS-2025-1536x1152.jpg 1536w, https:\/\/velo-club-brignais.com\/v2\/wp-content\/uploads\/2025\/03\/PODUIM-U13-H-POMMIERS-2025-945x709.jpg 945w, https:\/\/velo-club-brignais.com\/v2\/wp-content\/uploads\/2025\/03\/PODUIM-U13-H-POMMIERS-2025-600x450.jpg 600w, https:\/\/velo-club-brignais.com\/v2\/wp-content\/uploads\/2025\/03\/PODUIM-U13-H-POMMIERS-2025.jpg 2048w\" sizes=\"(max-width: 1024px) 100vw, 1024px\" \/><figcaption>Podium U13 Gar\u00e7ons Pommiers 2025<\/figcaption><\/figure>\n\n\n\n<figure class=\"wp-block-gallery has-nested-images columns-default is-cropped\">\n<figure class=\"wp-block-image size-large\"><img loading=\"lazy\" width=\"1024\" height=\"768\" data-id=\"5117\"  src=\"http:\/\/velo-club-brignais.com\/v2\/wp-content\/uploads\/2024\/06\/TDJV-Brignais-Podium-U9-1024x768.png\" alt=\"\" class=\"wp-image-5117\" srcset=\"https:\/\/velo-club-brignais.com\/v2\/wp-content\/uploads\/2024\/06\/TDJV-Brignais-Podium-U9-1024x768.png 1024w, https:\/\/velo-club-brignais.com\/v2\/wp-content\/uploads\/2024\/06\/TDJV-Brignais-Podium-U9-300x225.png 300w, https:\/\/velo-club-brignais.com\/v2\/wp-content\/uploads\/2024\/06\/TDJV-Brignais-Podium-U9-150x113.png 150w, https:\/\/velo-club-brignais.com\/v2\/wp-content\/uploads\/2024\/06\/TDJV-Brignais-Podium-U9-768x576.png 768w, https:\/\/velo-club-brignais.com\/v2\/wp-content\/uploads\/2024\/06\/TDJV-Brignais-Podium-U9-945x709.png 945w, https:\/\/velo-club-brignais.com\/v2\/wp-content\/uploads\/2024\/06\/TDJV-Brignais-Podium-U9-600x450.png 600w, https:\/\/velo-club-brignais.com\/v2\/wp-content\/uploads\/2024\/06\/TDJV-Brignais-Podium-U9.png 1080w\" sizes=\"(max-width: 1024px) 100vw, 1024px\" \/><\/figure>\n\n\n\n<figure class=\"wp-block-image size-large\"><img loading=\"lazy\" width=\"1024\" height=\"800\" data-id=\"5119\"  src=\"http:\/\/velo-club-brignais.com\/v2\/wp-content\/uploads\/2024\/06\/TDJV-Brignais-podium-u11-2-1024x800.png\" alt=\"\" class=\"wp-image-5119\" srcset=\"https:\/\/velo-club-brignais.com\/v2\/wp-content\/uploads\/2024\/06\/TDJV-Brignais-podium-u11-2-1024x800.png 1024w, https:\/\/velo-club-brignais.com\/v2\/wp-content\/uploads\/2024\/06\/TDJV-Brignais-podium-u11-2-300x234.png 300w, https:\/\/velo-club-brignais.com\/v2\/wp-content\/uploads\/2024\/06\/TDJV-Brignais-podium-u11-2-150x117.png 150w, https:\/\/velo-club-brignais.com\/v2\/wp-content\/uploads\/2024\/06\/TDJV-Brignais-podium-u11-2-768x600.png 768w, https:\/\/velo-club-brignais.com\/v2\/wp-content\/uploads\/2024\/06\/TDJV-Brignais-podium-u11-2-945x739.png 945w, https:\/\/velo-club-brignais.com\/v2\/wp-content\/uploads\/2024\/06\/TDJV-Brignais-podium-u11-2-600x469.png 600w, https:\/\/velo-club-brignais.com\/v2\/wp-content\/uploads\/2024\/06\/TDJV-Brignais-podium-u11-2.png 1080w\" sizes=\"(max-width: 1024px) 100vw, 1024px\" \/><\/figure>\n\n\n\n<figure class=\"wp-block-image size-large\"><img loading=\"lazy\" width=\"1024\" height=\"772\" data-id=\"5118\"  src=\"http:\/\/velo-club-brignais.com\/v2\/wp-content\/uploads\/2024\/06\/TDJV-Brignais-podium-U13-1024x772.png\" alt=\"\" class=\"wp-image-5118\" srcset=\"https:\/\/velo-club-brignais.com\/v2\/wp-content\/uploads\/2024\/06\/TDJV-Brignais-podium-U13-1024x772.png 1024w, https:\/\/velo-club-brignais.com\/v2\/wp-content\/uploads\/2024\/06\/TDJV-Brignais-podium-U13-300x226.png 300w, https:\/\/velo-club-brignais.com\/v2\/wp-content\/uploads\/2024\/06\/TDJV-Brignais-podium-U13-150x113.png 150w, https:\/\/velo-club-brignais.com\/v2\/wp-content\/uploads\/2024\/06\/TDJV-Brignais-podium-U13-768x579.png 768w, https:\/\/velo-club-brignais.com\/v2\/wp-content\/uploads\/2024\/06\/TDJV-Brignais-podium-U13-945x712.png 945w, https:\/\/velo-club-brignais.com\/v2\/wp-content\/uploads\/2024\/06\/TDJV-Brignais-podium-U13-600x452.png 600w, https:\/\/velo-club-brignais.com\/v2\/wp-content\/uploads\/2024\/06\/TDJV-Brignais-podium-U13.png 1080w\" sizes=\"(max-width: 1024px) 100vw, 1024px\" \/><\/figure>\n\n\n\n<figure class=\"wp-block-image size-large\"><img loading=\"lazy\" width=\"1024\" height=\"843\" data-id=\"5120\"  src=\"http:\/\/velo-club-brignais.com\/v2\/wp-content\/uploads\/2024\/06\/TDJV-Brignais-podium-U15-1024x843.png\" alt=\"\" class=\"wp-image-5120\" srcset=\"https:\/\/velo-club-brignais.com\/v2\/wp-content\/uploads\/2024\/06\/TDJV-Brignais-podium-U15-1024x843.png 1024w, https:\/\/velo-club-brignais.com\/v2\/wp-content\/uploads\/2024\/06\/TDJV-Brignais-podium-U15-300x247.png 300w, https:\/\/velo-club-brignais.com\/v2\/wp-content\/uploads\/2024\/06\/TDJV-Brignais-podium-U15-150x123.png 150w, https:\/\/velo-club-brignais.com\/v2\/wp-content\/uploads\/2024\/06\/TDJV-Brignais-podium-U15-768x632.png 768w, https:\/\/velo-club-brignais.com\/v2\/wp-content\/uploads\/2024\/06\/TDJV-Brignais-podium-U15-945x778.png 945w, https:\/\/velo-club-brignais.com\/v2\/wp-content\/uploads\/2024\/06\/TDJV-Brignais-podium-U15-600x494.png 600w, https:\/\/velo-club-brignais.com\/v2\/wp-content\/uploads\/2024\/06\/TDJV-Brignais-podium-U15.png 1080w\" sizes=\"(max-width: 1024px) 100vw, 1024px\" \/><\/figure>\n\n\n\n<figure class=\"wp-block-image size-large\"><img loading=\"lazy\" width=\"1024\" height=\"662\" data-id=\"5116\"  src=\"http:\/\/velo-club-brignais.com\/v2\/wp-content\/uploads\/2024\/06\/TDJV-Brignais-podium-u17-1024x662.png\" alt=\"\" class=\"wp-image-5116\" srcset=\"https:\/\/velo-club-brignais.com\/v2\/wp-content\/uploads\/2024\/06\/TDJV-Brignais-podium-u17-1024x662.png 1024w, https:\/\/velo-club-brignais.com\/v2\/wp-content\/uploads\/2024\/06\/TDJV-Brignais-podium-u17-300x194.png 300w, https:\/\/velo-club-brignais.com\/v2\/wp-content\/uploads\/2024\/06\/TDJV-Brignais-podium-u17-150x97.png 150w, https:\/\/velo-club-brignais.com\/v2\/wp-content\/uploads\/2024\/06\/TDJV-Brignais-podium-u17-768x496.png 768w, https:\/\/velo-club-brignais.com\/v2\/wp-content\/uploads\/2024\/06\/TDJV-Brignais-podium-u17-945x611.png 945w, https:\/\/velo-club-brignais.com\/v2\/wp-content\/uploads\/2024\/06\/TDJV-Brignais-podium-u17-600x388.png 600w, https:\/\/velo-club-brignais.com\/v2\/wp-content\/uploads\/2024\/06\/TDJV-Brignais-podium-u17.png 1080w\" sizes=\"(max-width: 1024px) 100vw, 1024px\" \/><\/figure>\n<figcaption class=\"blocks-gallery-caption\">Podiums TDJV Brignais 2024<\/figcaption><\/figure>\n\n\n\n<p><em>Toutes les infos sur les TDJV 2025 \u00e0 retrouver <a href=\"https:\/\/www.tdjvrhone.com\/\">ici<\/a><\/em><\/p>\n","protected":false},"excerpt":{"rendered":"<p>CALENDRIER ET RESULTATS Classement g\u00e9n\u00e9ral 2024-2025 : Tous les r\u00e9sultats des \u00e9preuves et les classements g\u00e9n\u00e9raux sont disponibles ici. Toutes les infos sur les TDJV 2025 \u00e0 retrouver ici<\/p>\n","protected":false},"author":1,"featured_media":0,"parent":655,"menu_order":3,"comment_status":"closed","ping_status":"open","template":"","meta":{"_seopress_robots_primary_cat":"","_seopress_titles_title":"","_seopress_titles_desc":"","_seopress_robots_index":"","_monsterinsights_skip_tracking":false,"_monsterinsights_sitenote_active":false,"_monsterinsights_sitenote_note":"","_monsterinsights_sitenote_category":0},"_links":{"self":[{"href":"https:\/\/velo-club-brignais.com\/v2\/index.php?rest_route=\/wp\/v2\/pages\/724"}],"collection":[{"href":"https:\/\/velo-club-brignais.com\/v2\/index.php?rest_route=\/wp\/v2\/pages"}],"about":[{"href":"https:\/\/velo-club-brignais.com\/v2\/index.php?rest_route=\/wp\/v2\/types\/page"}],"author":[{"embeddable":true,"href":"https:\/\/velo-club-brignais.com\/v2\/index.php?rest_route=\/wp\/v2\/users\/1"}],"replies":[{"embeddable":true,"href":"https:\/\/velo-club-brignais.com\/v2\/index.php?rest_route=%2Fwp%2Fv2%2Fcomments&post=724"}],"version-history":[{"count":27,"href":"https:\/\/velo-club-brignais.com\/v2\/index.php?rest_route=\/wp\/v2\/pages\/724\/revisions"}],"predecessor-version":[{"id":5463,"href":"https:\/\/velo-club-brignais.com\/v2\/index.php?rest_route=\/wp\/v2\/pages\/724\/revisions\/5463"}],"up":[{"embeddable":true,"href":"https:\/\/velo-club-brignais.com\/v2\/index.php?rest_route=\/wp\/v2\/pages\/655"}],"wp:attachment":[{"href":"https:\/\/velo-club-brignais.com\/v2\/index.php?rest_route=%2Fwp%2Fv2%2Fmedia&parent=724"}],"curies":[{"name":"wp","href":"https:\/\/api.w.org\/{rel}","templated":true}]}}

<h1>CALENDRIER ET RESULTATS</h1>



<h2>Classement général 2024-2025 :</h2>



<p>Tous les résultats des épreuves et les classements généraux sont disponibles<strong> <a rel="noreferrer noopener" href="https://www.tdjvrhone.com/resultats.php" target="_blank"><span style="text-decoration: underline;">ici</span></a></strong>.</p>



<figure class="wp-block-image size-large"><img loading="lazy" width="1024" height="768" src="https://velo-club-brignais.com/v2/wp-content/uploads/2025/03/PODUIM-U13-H-POMMIERS-2025-1024x768.jpg" alt="" class="wp-image-5462" srcset="https://velo-club-brignais.com/v2/wp-content/uploads/2025/03/PODUIM-U13-H-POMMIERS-2025-1024x768.jpg 1024w, https://velo-club-brignais.com/v2/wp-content/uploads/2025/03/PODUIM-U13-H-POMMIERS-2025-300x225.jpg 300w, https://velo-club-brignais.com/v2/wp-content/uploads/2025/03/PODUIM-U13-H-POMMIERS-2025-150x113.jpg 150w, https://velo-club-brignais.com/v2/wp-content/uploads/2025/03/PODUIM-U13-H-POMMIERS-2025-768x576.jpg 768w, https://velo-club-brignais.com/v2/wp-content/uploads/2025/03/PODUIM-U13-H-POMMIERS-2025-1536x1152.jpg 1536w, https://velo-club-brignais.com/v2/wp-content/uploads/2025/03/PODUIM-U13-H-POMMIERS-2025-945x709.jpg 945w, https://velo-club-brignais.com/v2/wp-content/uploads/2025/03/PODUIM-U13-H-POMMIERS-2025-600x450.jpg 600w, https://velo-club-brignais.com/v2/wp-content/uploads/2025/03/PODUIM-U13-H-POMMIERS-2025.jpg 2048w" sizes="(max-width: 1024px) 100vw, 1024px" /><figcaption>Podium U13 Garçons Pommiers 2025</figcaption></figure>



<figure class="wp-block-gallery has-nested-images columns-default is-cropped">
<figure class="wp-block-image size-large"><img loading="lazy" width="1024" height="768" data-id="5117"  src="http://velo-club-brignais.com/v2/wp-content/uploads/2024/06/TDJV-Brignais-Podium-U9-1024x768.png" alt="" class="wp-image-5117" srcset="https://velo-club-brignais.com/v2/wp-content/uploads/2024/06/TDJV-Brignais-Podium-U9-1024x768.png 1024w, https://velo-club-brignais.com/v2/wp-content/uploads/2024/06/TDJV-Brignais-Podium-U9-300x225.png 300w, https://velo-club-brignais.com/v2/wp-content/uploads/2024/06/TDJV-Brignais-Podium-U9-150x113.png 150w, https://velo-club-brignais.com/v2/wp-content/uploads/2024/06/TDJV-Brignais-Podium-U9-768x576.png 768w, https://velo-club-brignais.com/v2/wp-content/uploads/2024/06/TDJV-Brignais-Podium-U9-945x709.png 945w, https://velo-club-brignais.com/v2/wp-content/uploads/2024/06/TDJV-Brignais-Podium-U9-600x450.png 600w, https://velo-club-brignais.com/v2/wp-content/uploads/2024/06/TDJV-Brignais-Podium-U9.png 1080w" sizes="(max-width: 1024px) 100vw, 1024px" /></figure>



<figure class="wp-block-image size-large"><img loading="lazy" width="1024" height="800" data-id="5119"  src="http://velo-club-brignais.com/v2/wp-content/uploads/2024/06/TDJV-Brignais-podium-u11-2-1024x800.png" alt="" class="wp-image-5119" srcset="https://velo-club-brignais.com/v2/wp-content/uploads/2024/06/TDJV-Brignais-podium-u11-2-1024x800.png 1024w, https://velo-club-brignais.com/v2/wp-content/uploads/2024/06/TDJV-Brignais-podium-u11-2-300x234.png 300w, https://velo-club-brignais.com/v2/wp-content/uploads/2024/06/TDJV-Brignais-podium-u11-2-150x117.png 150w, https://velo-club-brignais.com/v2/wp-content/uploads/2024/06/TDJV-Brignais-podium-u11-2-768x600.png 768w, https://velo-club-brignais.com/v2/wp-content/uploads/2024/06/TDJV-Brignais-podium-u11-2-945x739.png 945w, https://velo-club-brignais.com/v2/wp-content/uploads/2024/06/TDJV-Brignais-podium-u11-2-600x469.png 600w, https://velo-club-brignais.com/v2/wp-content/uploads/2024/06/TDJV-Brignais-podium-u11-2.png 1080w" sizes="(max-width: 1024px) 100vw, 1024px" /></figure>



<figure class="wp-block-image size-large"><img loading="lazy" width="1024" height="772" data-id="5118"  src="http://velo-club-brignais.com/v2/wp-content/uploads/2024/06/TDJV-Brignais-podium-U13-1024x772.png" alt="" class="wp-image-5118" srcset="https://velo-club-brignais.com/v2/wp-content/uploads/2024/06/TDJV-Brignais-podium-U13-1024x772.png 1024w, https://velo-club-brignais.com/v2/wp-content/uploads/2024/06/TDJV-Brignais-podium-U13-300x226.png 300w, https://velo-club-brignais.com/v2/wp-content/uploads/2024/06/TDJV-Brignais-podium-U13-150x113.png 150w, https://velo-club-brignais.com/v2/wp-content/uploads/2024/06/TDJV-Brignais-podium-U13-768x579.png 768w, https://velo-club-brignais.com/v2/wp-content/uploads/2024/06/TDJV-Brignais-podium-U13-945x712.png 945w, https://velo-club-brignais.com/v2/wp-content/uploads/2024/06/TDJV-Brignais-podium-U13-600x452.png 600w, https://velo-club-brignais.com/v2/wp-content/uploads/2024/06/TDJV-Brignais-podium-U13.png 1080w" sizes="(max-width: 1024px) 100vw, 1024px" /></figure>



<figure class="wp-block-image size-large"><img loading="lazy" width="1024" height="843" data-id="5120"  src="http://velo-club-brignais.com/v2/wp-content/uploads/2024/06/TDJV-Brignais-podium-U15-1024x843.png" alt="" class="wp-image-5120" srcset="https://velo-club-brignais.com/v2/wp-content/uploads/2024/06/TDJV-Brignais-podium-U15-1024x843.png 1024w, https://velo-club-brignais.com/v2/wp-content/uploads/2024/06/TDJV-Brignais-podium-U15-300x247.png 300w, https://velo-club-brignais.com/v2/wp-content/uploads/2024/06/TDJV-Brignais-podium-U15-150x123.png 150w, https://velo-club-brignais.com/v2/wp-content/uploads/2024/06/TDJV-Brignais-podium-U15-768x632.png 768w, https://velo-club-brignais.com/v2/wp-content/uploads/2024/06/TDJV-Brignais-podium-U15-945x778.png 945w, https://velo-club-brignais.com/v2/wp-content/uploads/2024/06/TDJV-Brignais-podium-U15-600x494.png 600w, https://velo-club-brignais.com/v2/wp-content/uploads/2024/06/TDJV-Brignais-podium-U15.png 1080w" sizes="(max-width: 1024px) 100vw, 1024px" /></figure>



<figure class="wp-block-image size-large"><img loading="lazy" width="1024" height="662" data-id="5116"  src="http://velo-club-brignais.com/v2/wp-content/uploads/2024/06/TDJV-Brignais-podium-u17-1024x662.png" alt="" class="wp-image-5116" srcset="https://velo-club-brignais.com/v2/wp-content/uploads/2024/06/TDJV-Brignais-podium-u17-1024x662.png 1024w, https://velo-club-brignais.com/v2/wp-content/uploads/2024/06/TDJV-Brignais-podium-u17-300x194.png 300w, https://velo-club-brignais.com/v2/wp-content/uploads/2024/06/TDJV-Brignais-podium-u17-150x97.png 150w, https://velo-club-brignais.com/v2/wp-content/uploads/2024/06/TDJV-Brignais-podium-u17-768x496.png 768w, https://velo-club-brignais.com/v2/wp-content/uploads/2024/06/TDJV-Brignais-podium-u17-945x611.png 945w, https://velo-club-brignais.com/v2/wp-content/uploads/2024/06/TDJV-Brignais-podium-u17-600x388.png 600w, https://velo-club-brignais.com/v2/wp-content/uploads/2024/06/TDJV-Brignais-podium-u17.png 1080w" sizes="(max-width: 1024px) 100vw, 1024px" /></figure>
<figcaption class="blocks-gallery-caption">Podiums TDJV Brignais 2024</figcaption></figure>



<p><em>Toutes les infos sur les TDJV 2025 à retrouver <a href="https://www.tdjvrhone.com/">ici</a></em></p>

<p>CALENDRIER ET RESULTATS Classement général 2024-2025 : Tous les résultats des épreuves et les classements généraux sont disponibles ici. Toutes les infos sur les TDJV 2025 à retrouver ici</p>
